[INFO] cloning repository https://github.com/florianjacob/dsn-traveller
[INFO] running `Command { std: "git" "-c" "credential.helper=" "-c" "credential.helper=/workspace/cargo-home/bin/git-credential-null" "clone" "--bare" "https://github.com/florianjacob/dsn-traveller" "/workspace/cache/git-repos/https%3A%2F%2Fgithub.com%2Fflorianjacob%2Fdsn-traveller", kill_on_drop: false }`
[INFO] [stderr] Cloning into bare repository '/workspace/cache/git-repos/https%3A%2F%2Fgithub.com%2Fflorianjacob%2Fdsn-traveller'...
[INFO] running `Command { std: "git" "rev-parse" "HEAD", kill_on_drop: false }`
[INFO] [stdout] 36b06ee371c1c882aae790fcbda5f7f53ee3f5f4
[INFO] checking florianjacob/dsn-traveller against master#af3c6e733a40e671550e0f0f5aeecaa13772ba56 for pr-74989
[INFO] running `Command { std: "git" "clone" "/workspace/cache/git-repos/https%3A%2F%2Fgithub.com%2Fflorianjacob%2Fdsn-traveller" "/workspace/builds/worker-3/source", kill_on_drop: false }`
[INFO] [stderr] Cloning into '/workspace/builds/worker-3/source'...
[INFO] [stderr] done.
[INFO] validating manifest of git repo https://github.com/florianjacob/dsn-traveller on toolchain af3c6e733a40e671550e0f0f5aeecaa13772ba56
[INFO] running `Command { std: "/workspace/cargo-home/bin/cargo" "+af3c6e733a40e671550e0f0f5aeecaa13772ba56" "read-manifest" "--manifest-path" "Cargo.toml", kill_on_drop: false }`
[INFO] started tweaking git repo https://github.com/florianjacob/dsn-traveller
[INFO] removed path dependency matrixgraph from git repo https://github.com/florianjacob/dsn-traveller
[INFO] finished tweaking git repo https://github.com/florianjacob/dsn-traveller
[INFO] tweaked toml for git repo https://github.com/florianjacob/dsn-traveller written to /workspace/builds/worker-3/source/Cargo.toml
[INFO] crate git repo https://github.com/florianjacob/dsn-traveller already has a lockfile, it will not be regenerated
[INFO] running `Command { std: "/workspace/cargo-home/bin/cargo" "+af3c6e733a40e671550e0f0f5aeecaa13772ba56" "fetch" "--locked" "--manifest-path" "Cargo.toml", kill_on_drop: false }`
[INFO] [stderr] warning: dependency (matrixgraph) specified without providing a local path, Git repository, or version to use. This will be considered an error in future versions
[INFO] [stderr]     Updating crates.io index
[INFO] [stderr] error: the lock file /workspace/builds/worker-3/source/Cargo.lock needs to be updated but --locked was passed to prevent this
[INFO] [stderr] If you want to try to generate the lock file without accessing the network, use the --offline flag.
[INFO] the lockfile is outdated, regenerating it
[INFO] running `Command { std: "/workspace/cargo-home/bin/cargo" "+af3c6e733a40e671550e0f0f5aeecaa13772ba56" "generate-lockfile" "--manifest-path" "Cargo.toml" "-Zno-index-update", kill_on_drop: false }`
[INFO] running `Command { std: "/workspace/cargo-home/bin/cargo" "+af3c6e733a40e671550e0f0f5aeecaa13772ba56" "fetch" "--locked" "--manifest-path" "Cargo.toml", kill_on_drop: false }`
[INFO] [stderr] warning: dependency (matrixgraph) specified without providing a local path, Git repository, or version to use. This will be considered an error in future versions
[INFO] running `Command { std: "docker" "create" "-v" "/var/lib/crater-agent-workspace/builds/worker-3/target:/opt/rustwide/target:rw,Z" "-v" "/var/lib/crater-agent-workspace/builds/worker-3/source:/opt/rustwide/workdir:ro,Z" "-v" "/var/lib/crater-agent-workspace/cargo-home:/opt/rustwide/cargo-home:ro,Z" "-v" "/var/lib/crater-agent-workspace/rustup-home:/opt/rustwide/rustup-home:ro,Z" "-e" "SOURCE_DIR=/opt/rustwide/workdir" "-e" "CARGO_TARGET_DIR=/opt/rustwide/target" "-e" "CARGO_HOME=/opt/rustwide/cargo-home" "-e" "RUSTUP_HOME=/opt/rustwide/rustup-home" "-w" "/opt/rustwide/workdir" "-m" "1610612736" "--user" "0:0" "--network" "none" "rustops/crates-build-env@sha256:d92eaeed33fa75130ca1ee6c8a01d1ffb62bac859dfdfb3450e3e5d1c0146529" "/opt/rustwide/cargo-home/bin/cargo" "+af3c6e733a40e671550e0f0f5aeecaa13772ba56" "metadata" "--no-deps" "--format-version=1", kill_on_drop: false }`
[INFO] [stdout] e54be710d653b6a140b00525d8c474fdda97ed995fbb42e936d49eedd342ae5b
[INFO] [stderr] WARNING: Your kernel does not support swap limit capabilities or the cgroup is not mounted. Memory limited without swap.
[INFO] running `Command { std: "docker" "start" "-a" "e54be710d653b6a140b00525d8c474fdda97ed995fbb42e936d49eedd342ae5b", kill_on_drop: false }`
[INFO] running `Command { std: "docker" "inspect" "e54be710d653b6a140b00525d8c474fdda97ed995fbb42e936d49eedd342ae5b", kill_on_drop: false }`
[INFO] running `Command { std: "docker" "rm" "-f" "e54be710d653b6a140b00525d8c474fdda97ed995fbb42e936d49eedd342ae5b", kill_on_drop: false }`
[INFO] [stdout] e54be710d653b6a140b00525d8c474fdda97ed995fbb42e936d49eedd342ae5b
[INFO] running `Command { std: "docker" "create" "-v" "/var/lib/crater-agent-workspace/builds/worker-3/target:/opt/rustwide/target:rw,Z" "-v" "/var/lib/crater-agent-workspace/builds/worker-3/source:/opt/rustwide/workdir:ro,Z" "-v" "/var/lib/crater-agent-workspace/cargo-home:/opt/rustwide/cargo-home:ro,Z" "-v" "/var/lib/crater-agent-workspace/rustup-home:/opt/rustwide/rustup-home:ro,Z" "-e" "SOURCE_DIR=/opt/rustwide/workdir" "-e" "CARGO_TARGET_DIR=/opt/rustwide/target" "-e" "CARGO_INCREMENTAL=0" "-e" "RUST_BACKTRACE=full" "-e" "RUSTFLAGS=--cap-lints=forbid" "-e" "CARGO_HOME=/opt/rustwide/cargo-home" "-e" "RUSTUP_HOME=/opt/rustwide/rustup-home" "-w" "/opt/rustwide/workdir" "-m" "1610612736" "--user" "0:0" "--network" "none" "rustops/crates-build-env@sha256:d92eaeed33fa75130ca1ee6c8a01d1ffb62bac859dfdfb3450e3e5d1c0146529" "/opt/rustwide/cargo-home/bin/cargo" "+af3c6e733a40e671550e0f0f5aeecaa13772ba56" "check" "--frozen" "--all" "--all-targets" "--message-format=json", kill_on_drop: false }`
[INFO] [stderr] WARNING: Your kernel does not support swap limit capabilities or the cgroup is not mounted. Memory limited without swap.
[INFO] [stdout] 30c495a5f1d714c8f8da4f8b08c5ed2d2fc7b7dd2ba121304ed06399401ddb58
[INFO] running `Command { std: "docker" "start" "-a" "30c495a5f1d714c8f8da4f8b08c5ed2d2fc7b7dd2ba121304ed06399401ddb58", kill_on_drop: false }`
[INFO] [stderr] warning: dependency (matrixgraph) specified without providing a local path, Git repository, or version to use. This will be considered an error in future versions
[INFO] [stderr]    Compiling proc-macro2 v1.0.21
[INFO] [stderr]    Compiling syn v1.0.40
[INFO] [stderr]     Checking cfg-if v0.1.10
[INFO] [stderr]    Compiling serde_derive v1.0.116
[INFO] [stderr]     Checking lazy_static v1.4.0
[INFO] [stderr]     Checking slab v0.4.2
[INFO] [stderr]    Compiling log v0.4.11
[INFO] [stderr]     Checking fnv v1.0.7
[INFO] [stderr]     Checking itoa v0.4.6
[INFO] [stderr]    Compiling bitflags v1.2.1
[INFO] [stderr]     Checking bytes v0.5.6
[INFO] [stderr]     Checking futures-core v0.3.5
[INFO] [stderr]     Checking matches v0.1.8
[INFO] [stderr]     Checking pin-utils v0.1.0
[INFO] [stderr]     Checking percent-encoding v2.1.0
[INFO] [stderr]     Checking pin-project-lite v0.1.7
[INFO] [stderr]     Checking hashbrown v0.9.0
[INFO] [stderr]    Compiling httparse v1.3.4
[INFO] [stderr]     Checking futures-sink v0.3.5
[INFO] [stderr]     Checking openssl-probe v0.1.2
[INFO] [stderr]    Compiling byteorder v1.3.4
[INFO] [stderr]     Checking dtoa v0.4.6
[INFO] [stderr]     Checking try-lock v0.2.3
[INFO] [stderr]     Checking tower-service v0.3.0
[INFO] [stderr]     Checking ordermap v0.3.5
[INFO] [stderr]     Checking fixedbitset v0.1.9
[INFO] [stderr]     Checking regex-syntax v0.6.18
[INFO] [stderr]     Checking matrixgraph v0.1.0
[INFO] [stderr]    Compiling memchr v2.3.3
[INFO] [stderr]    Compiling indexmap v1.6.0
[INFO] [stderr]    Compiling openssl-sys v0.9.58
[INFO] [stderr]     Checking unicode-bidi v0.3.4
[INFO] [stderr]    Compiling ryu v1.0.5
[INFO] [stderr]     Checking tracing-core v0.1.16
[INFO] [stderr]     Checking thread_local v1.0.1
[INFO] [stderr]    Compiling serde_json v1.0.57
[INFO] [stderr]     Checking futures-channel v0.3.5
[INFO] [stderr]     Checking net2 v0.2.35
[INFO] [stderr]     Checking getrandom v0.1.15
[INFO] [stderr]     Checking iovec v0.1.4
[INFO] [stderr]     Checking num_cpus v1.13.0
[INFO] [stderr]     Checking socket2 v0.3.15
[INFO] [stderr]     Checking time v0.1.44
[INFO] [stderr]     Checking atty v0.2.14
[INFO] [stderr]     Checking hostname v0.1.5
[INFO] [stderr]     Checking idna v0.2.0
[INFO] [stderr]     Checking http v0.2.1
[INFO] [stderr]     Checking rand_core v0.5.1
[INFO] [stderr]     Checking tracing v0.1.19
[INFO] [stderr]     Checking want v0.3.0
[INFO] [stderr]     Checking xml-rs v0.7.0
[INFO] [stderr]     Checking clap v2.33.3
[INFO] [stderr]     Checking futures-util-preview v0.3.0-alpha.19
[INFO] [stderr]     Checking aho-corasick v0.7.13
[INFO] [stderr]     Checking mio v0.6.22
[INFO] [stderr]     Checking rand_chacha v0.2.2
[INFO] [stderr]     Checking rand v0.7.3
[INFO] [stderr]    Compiling openssl v0.10.30
[INFO] [stderr]    Compiling native-tls v0.2.4
[INFO] [stderr]     Checking base64 v0.10.1
[INFO] [stderr]    Compiling quote v1.0.7
[INFO] [stderr]     Checking tokio v0.2.22
[INFO] [stderr]     Checking http-body v0.3.1
[INFO] [stderr]     Checking regex v1.3.9
[INFO] [stderr]     Checking futures-executor-preview v0.3.0-alpha.19
[INFO] [stderr]     Checking futures-preview v0.3.0-alpha.19
[INFO] [stderr]     Checking futures-timer v0.3.0
[INFO] [stderr]     Checking tokio-util v0.3.1
[INFO] [stderr]     Checking tokio-tls v0.3.1
[INFO] [stderr]    Compiling pin-project-internal v0.4.23
[INFO] [stderr]    Compiling futures-macro v0.3.5
[INFO] [stderr]    Compiling ruma-api-macros v0.10.1
[INFO] [stderr]    Compiling ruma-events-macros v0.2.0
[INFO] [stderr]     Checking pin-project v0.4.23
[INFO] [stderr]     Checking futures-util v0.3.5
[INFO] [stderr]     Checking serde v1.0.116
[INFO] [stderr]     Checking h2 v0.2.6
[INFO] [stderr]     Checking hyper v0.13.7
[INFO] [stderr]     Checking url v2.1.1
[INFO] [stderr]     Checking js_int v0.1.9
[INFO] [stderr]     Checking petgraph v0.4.13
[INFO] [stderr]     Checking ron v0.5.1
[INFO] [stderr]     Checking ruma-identifiers v0.14.1
[INFO] [stderr]     Checking serde_urlencoded v0.6.1
[INFO] [stderr]     Checking ruma-events v0.15.1
[INFO] [stderr]     Checking ruma-api v0.13.1
[INFO] [stderr]     Checking petgraph-graphml v1.0.2
[INFO] [stderr]     Checking hyper-tls v0.4.3
[INFO] [stderr]     Checking ruma-client-api v0.6.0
[INFO] [stderr]     Checking ruma-client v0.3.0
[INFO] [stderr]     Checking dsn-traveller v0.1.0 (/opt/rustwide/workdir)
[INFO] [stdout] error[E0432]: unresolved imports `matrixgraph::Node`, `matrixgraph::NodeType`
[INFO] [stdout]   --> src/lib.rs:29:19
[INFO] [stdout]    |
[INFO] [stdout] 29 | use matrixgraph::{Node, NodeType};
[INFO] [stdout]    |                   ^^^^  ^^^^^^^^ no `NodeType` in the root
[INFO] [stdout]    |                   |
[INFO] [stdout]    |                   no `Node` in the root
[INFO] [stdout] 
[INFO] [stdout] 
[INFO] [stdout] error[E0432]: unresolved imports `matrixgraph::Node`, `matrixgraph::NodeType`
[INFO] [stdout]   --> src/lib.rs:29:19
[INFO] [stdout]    |
[INFO] [stdout] 29 | use matrixgraph::{Node, NodeType};
[INFO] [stdout]    |                   ^^^^  ^^^^^^^^ no `NodeType` in the root
[INFO] [stdout]    |                   |
[INFO] [stdout]    |                   no `Node` in the root
[INFO] [stdout] 
[INFO] [stdout] 
[INFO] [stdout] error[E0433]: failed to resolve: could not find `send` in `r0`
[INFO] [stdout]   --> src/lib.rs:83:13
[INFO] [stdout]    |
[INFO] [stdout] 83 |         r0::send::send_message_event::Request {
[INFO] [stdout]    |             ^^^^ could not find `send` in `r0`
[INFO] [stdout] 
[INFO] [stdout] 
[INFO] [stdout] error[E0433]: failed to resolve: could not find `send` in `r0`
[INFO] [stdout]   --> src/lib.rs:83:13
[INFO] [stdout]    |
[INFO] [stdout] 83 |         r0::send::send_message_event::Request {
[INFO] [stdout]    |             ^^^^ could not find `send` in `r0`
[INFO] [stdout] 
[INFO] [stdout] 
[INFO] [stdout] error[E0433]: failed to resolve: could not find `get_member_events` in `sync`
[INFO] [stdout]    --> src/lib.rs:351:19
[INFO] [stdout]     |
[INFO] [stdout] 351 |         r0::sync::get_member_events::Request {
[INFO] [stdout]     |                   ^^^^^^^^^^^^^^^^^ could not find `get_member_events` in `sync`
[INFO] [stdout] 
[INFO] [stdout] 
[INFO] [stdout] error[E0433]: failed to resolve: could not find `get_member_events` in `sync`
[INFO] [stdout]    --> src/lib.rs:351:19
[INFO] [stdout]     |
[INFO] [stdout] 351 |         r0::sync::get_member_events::Request {
[INFO] [stdout]     |                   ^^^^^^^^^^^^^^^^^ could not find `get_member_events` in `sync`
[INFO] [stdout] 
[INFO] [stdout] 
[INFO] [stdout] error[E0425]: cannot find function `is_wellformed_graph` in crate `matrixgraph`
[INFO] [stdout]    --> src/lib.rs:460:26
[INFO] [stdout]     |
[INFO] [stdout] 460 |     assert!(matrixgraph::is_wellformed_graph(&graph));
[INFO] [stdout]     |                          ^^^^^^^^^^^^^^^^^^^ not found in `matrixgraph`
[INFO] [stdout] 
[INFO] [stdout] 
[INFO] [stdout] error[E0425]: cannot find function `anonymize_graph` in crate `matrixgraph`
[INFO] [stdout]    --> src/lib.rs:462:30
[INFO] [stdout]     |
[INFO] [stdout] 462 |     let graph = matrixgraph::anonymize_graph(graph);
[INFO] [stdout]     |                              ^^^^^^^^^^^^^^^ not found in `matrixgraph`
[INFO] [stdout] 
[INFO] [stdout] 
[INFO] [stdout] error[E0425]: cannot find function `graph_dir` in crate `matrixgraph`
[INFO] [stdout]    --> src/lib.rs:464:28
[INFO] [stdout]     |
[INFO] [stdout] 464 |     let dir = matrixgraph::graph_dir();
[INFO] [stdout]     |                            ^^^^^^^^^ not found in `matrixgraph`
[INFO] [stdout] 
[INFO] [stdout] 
[INFO] [stdout] error[E0425]: cannot find function `write_graph` in crate `matrixgraph`
[INFO] [stdout]    --> src/lib.rs:465:18
[INFO] [stdout]     |
[INFO] [stdout] 465 |     matrixgraph::write_graph(&graph, &dir).unwrap();
[INFO] [stdout]     |                  ^^^^^^^^^^^ not found in `matrixgraph`
[INFO] [stdout] 
[INFO] [stdout] 
[INFO] [stdout] error[E0425]: cannot find function `export_graph_to_dot` in crate `matrixgraph`
[INFO] [stdout]    --> src/lib.rs:466:18
[INFO] [stdout]     |
[INFO] [stdout] 466 |     matrixgraph::export_graph_to_dot(&graph, &dir).unwrap();
[INFO] [stdout]     |                  ^^^^^^^^^^^^^^^^^^^ not found in `matrixgraph`
[INFO] [stdout] 
[INFO] [stdout] 
[INFO] [stdout] error[E0425]: cannot find function `export_graph_to_graphml` in crate `matrixgraph`
[INFO] [stdout]    --> src/lib.rs:467:18
[INFO] [stdout]     |
[INFO] [stdout] 467 |     matrixgraph::export_graph_to_graphml(&graph, &dir).unwrap();
[INFO] [stdout]     |                  ^^^^^^^^^^^^^^^^^^^^^^^ not found in `matrixgraph`
[INFO] [stdout] 
[INFO] [stdout] 
[INFO] [stdout] error[E0425]: cannot find function `is_wellformed_graph` in crate `matrixgraph`
[INFO] [stdout]    --> src/lib.rs:460:26
[INFO] [stdout]     |
[INFO] [stdout] 460 |     assert!(matrixgraph::is_wellformed_graph(&graph));
[INFO] [stdout]     |                          ^^^^^^^^^^^^^^^^^^^ not found in `matrixgraph`
[INFO] [stdout] 
[INFO] [stdout] 
[INFO] [stdout] error[E0425]: cannot find function `anonymize_graph` in crate `matrixgraph`
[INFO] [stdout]    --> src/lib.rs:462:30
[INFO] [stdout]     |
[INFO] [stdout] 462 |     let graph = matrixgraph::anonymize_graph(graph);
[INFO] [stdout]     |                              ^^^^^^^^^^^^^^^ not found in `matrixgraph`
[INFO] [stdout] 
[INFO] [stdout] 
[INFO] [stdout] error[E0425]: cannot find function `graph_dir` in crate `matrixgraph`
[INFO] [stdout]    --> src/lib.rs:464:28
[INFO] [stdout]     |
[INFO] [stdout] 464 |     let dir = matrixgraph::graph_dir();
[INFO] [stdout]     |                            ^^^^^^^^^ not found in `matrixgraph`
[INFO] [stdout] 
[INFO] [stdout] 
[INFO] [stdout] error[E0425]: cannot find function `write_graph` in crate `matrixgraph`
[INFO] [stdout]    --> src/lib.rs:465:18
[INFO] [stdout]     |
[INFO] [stdout] 465 |     matrixgraph::write_graph(&graph, &dir).unwrap();
[INFO] [stdout]     |                  ^^^^^^^^^^^ not found in `matrixgraph`
[INFO] [stdout] 
[INFO] [stdout] 
[INFO] [stdout] error[E0425]: cannot find function `export_graph_to_dot` in crate `matrixgraph`
[INFO] [stdout]    --> src/lib.rs:466:18
[INFO] [stdout]     |
[INFO] [stdout] 466 |     matrixgraph::export_graph_to_dot(&graph, &dir).unwrap();
[INFO] [stdout]     |                  ^^^^^^^^^^^^^^^^^^^ not found in `matrixgraph`
[INFO] [stdout] 
[INFO] [stdout] 
[INFO] [stdout] error[E0425]: cannot find function `export_graph_to_graphml` in crate `matrixgraph`
[INFO] [stdout]    --> src/lib.rs:467:18
[INFO] [stdout]     |
[INFO] [stdout] 467 |     matrixgraph::export_graph_to_graphml(&graph, &dir).unwrap();
[INFO] [stdout]     |                  ^^^^^^^^^^^^^^^^^^^^^^^ not found in `matrixgraph`
[INFO] [stdout] 
[INFO] [stdout] 
[INFO] [stdout] error[E0063]: missing field `contains_url` in initializer of `RoomEventFilter`
[INFO] [stdout]    --> src/lib.rs:117:29
[INFO] [stdout]     |
[INFO] [stdout] 117 |     let filter_all_events = filter::RoomEventFilter {
[INFO] [stdout]     |                             ^^^^^^^^^^^^^^^^^^^^^^^ missing `contains_url`
[INFO] [stdout] 
[INFO] [stdout] 
[INFO] [stdout] error[E0063]: missing field `contains_url` in initializer of `RoomEventFilter`
[INFO] [stdout]    --> src/lib.rs:117:29
[INFO] [stdout]     |
[INFO] [stdout] 117 |     let filter_all_events = filter::RoomEventFilter {
[INFO] [stdout]     |                             ^^^^^^^^^^^^^^^^^^^^^^^ missing `contains_url`
[INFO] [stdout] 
[INFO] [stdout] 
[INFO] [stdout] error[E0063]: missing field `contains_url` in initializer of `RoomEventFilter`
[INFO] [stdout]    --> src/lib.rs:128:32
[INFO] [stdout]     |
[INFO] [stdout] 128 |     let only_canonical_alias = filter::RoomEventFilter {
[INFO] [stdout]     |                                ^^^^^^^^^^^^^^^^^^^^^^^ missing `contains_url`
[INFO] [stdout] 
[INFO] [stdout] 
[INFO] [stdout] error[E0063]: missing field `contains_url` in initializer of `RoomEventFilter`
[INFO] [stdout]    --> src/lib.rs:128:32
[INFO] [stdout]     |
[INFO] [stdout] 128 |     let only_canonical_alias = filter::RoomEventFilter {
[INFO] [stdout]     |                                ^^^^^^^^^^^^^^^^^^^^^^^ missing `contains_url`
[INFO] [stdout] 
[INFO] [stdout] 
[INFO] [stdout] error[E0308]: mismatched types
[INFO] [stdout]    --> src/lib.rs:167:8
[INFO] [stdout]     |
[INFO] [stdout] 167 |     Ok(response.rooms)
[INFO] [stdout]     |        ^^^^^^^^^^^^^^ expected struct `Rooms`, found struct `IncomingRooms`
[INFO] [stdout] 
[INFO] [stdout] 
[INFO] [stdout] error[E0308]: mismatched types
[INFO] [stdout]    --> src/lib.rs:198:20
[INFO] [stdout]     |
[INFO] [stdout] 198 |             if let EventResult::Ok(StrippedState::RoomCanonicalAlias(canonical_alias_event)) = event {
[INFO] [stdout]     |                    ^^^^^^^^^^^^^^^^^^^^^^^^^^^^^^^^^^^^^^^^^^^^^^^^^^^^^^^^^^^^^^^^^^^^^^^^^   ----- this expression has type `StrippedState`
[INFO] [stdout]     |                    |
[INFO] [stdout]     |                    expected enum `StrippedState`, found enum `EventResult`
[INFO] [stdout]     |
[INFO] [stdout]     = note: expected enum `StrippedState`
[INFO] [stdout]                found enum `EventResult<_>`
[INFO] [stdout] 
[INFO] [stdout] 
[INFO] [stdout] error[E0308]: mismatched types
[INFO] [stdout]    --> src/lib.rs:167:8
[INFO] [stdout]     |
[INFO] [stdout] 167 |     Ok(response.rooms)
[INFO] [stdout]     |        ^^^^^^^^^^^^^^ expected struct `Rooms`, found struct `IncomingRooms`
[INFO] [stdout] 
[INFO] [stdout] 
[INFO] [stdout] error[E0698]: type inside `async fn` body must be known in this context
[INFO] [stdout]    --> src/lib.rs:395:9
[INFO] [stdout]     |
[INFO] [stdout] 395 |     let mut crawled_rooms = 0;
[INFO] [stdout]     |         ^^^^^^^^^^^^^^^^^ cannot infer type for type `{integer}`
[INFO] [stdout]     |
[INFO] [stdout] note: the type is part of the `async fn` body because of this `await`
[INFO] [stdout]    --> src/lib.rs:408:17
[INFO] [stdout]     |
[INFO] [stdout] 408 |                 room_members(client.clone(), room.clone()).await?
[INFO] [stdout]     |                 ^^^^^^^^^^^^^^^^^^^^^^^^^^^^^^^^^^^^^^^^^^^^^^^^
[INFO] [stdout] 
[INFO] [stdout] 
[INFO] [stdout] error[E0308]: mismatched types
[INFO] [stdout]    --> src/lib.rs:198:20
[INFO] [stdout]     |
[INFO] [stdout] 198 |             if let EventResult::Ok(StrippedState::RoomCanonicalAlias(canonical_alias_event)) = event {
[INFO] [stdout]     |                    ^^^^^^^^^^^^^^^^^^^^^^^^^^^^^^^^^^^^^^^^^^^^^^^^^^^^^^^^^^^^^^^^^^^^^^^^^   ----- this expression has type `StrippedState`
[INFO] [stdout]     |                    |
[INFO] [stdout]     |                    expected enum `StrippedState`, found enum `EventResult`
[INFO] [stdout]     |
[INFO] [stdout]     = note: expected enum `StrippedState`
[INFO] [stdout]                found enum `EventResult<_>`
[INFO] [stdout] 
[INFO] [stdout] 
[INFO] [stdout] error: aborting due to 14 previous errors
[INFO] [stdout] 
[INFO] [stdout] 
[INFO] [stdout] Some errors have detailed explanations: E0063, E0308, E0425, E0432, E0433, E0698.
[INFO] [stdout] 
[INFO] [stdout] For more information about an error, try `rustc --explain E0063`.
[INFO] [stdout] 
[INFO] [stderr] error: could not compile `dsn-traveller`.
[INFO] [stderr] 
[INFO] [stderr] To learn more, run the command again with --verbose.
[INFO] [stderr] warning: build failed, waiting for other jobs to finish...
[INFO] [stdout] error[E0698]: type inside `async fn` body must be known in this context
[INFO] [stdout]    --> src/lib.rs:395:9
[INFO] [stdout]     |
[INFO] [stdout] 395 |     let mut crawled_rooms = 0;
[INFO] [stdout]     |         ^^^^^^^^^^^^^^^^^ cannot infer type for type `{integer}`
[INFO] [stdout]     |
[INFO] [stdout] note: the type is part of the `async fn` body because of this `await`
[INFO] [stdout]    --> src/lib.rs:408:17
[INFO] [stdout]     |
[INFO] [stdout] 408 |                 room_members(client.clone(), room.clone()).await?
[INFO] [stdout]     |                 ^^^^^^^^^^^^^^^^^^^^^^^^^^^^^^^^^^^^^^^^^^^^^^^^
[INFO] [stdout] 
[INFO] [stdout] 
[INFO] [stdout] error: aborting due to 14 previous errors
[INFO] [stdout] 
[INFO] [stdout] 
[INFO] [stdout] Some errors have detailed explanations: E0063, E0308, E0425, E0432, E0433, E0698.
[INFO] [stdout] 
[INFO] [stdout] For more information about an error, try `rustc --explain E0063`.
[INFO] [stdout] 
[INFO] [stderr] error: build failed
[INFO] running `Command { std: "docker" "inspect" "30c495a5f1d714c8f8da4f8b08c5ed2d2fc7b7dd2ba121304ed06399401ddb58", kill_on_drop: false }`
[INFO] running `Command { std: "docker" "rm" "-f" "30c495a5f1d714c8f8da4f8b08c5ed2d2fc7b7dd2ba121304ed06399401ddb58", kill_on_drop: false }`
[INFO] [stdout] 30c495a5f1d714c8f8da4f8b08c5ed2d2fc7b7dd2ba121304ed06399401ddb58
